{"id":23,"date":"2014-01-19T17:09:31","date_gmt":"2014-01-19T16:09:31","guid":{"rendered":"http:\/\/aehrenjaade-porz.de\/?page_id=23"},"modified":"2026-03-01T20:57:07","modified_gmt":"2026-03-01T19:57:07","slug":"wir-ueber-uns","status":"publish","type":"page","link":"https:\/\/aehrenjaade-porz.de\/?page_id=23","title":{"rendered":"Wir \u00fcber uns"},"content":{"rendered":"<h1><span style=\"color: #0000ff;\"><strong>Unser Ursprung &#8211; <\/strong><\/span><\/h1>\n<h1><span style=\"color: #0000ff;\"><strong>die KADI Karnevalsdisko<\/strong><\/span><\/h1>\n<h1><span style=\"color: #0000ff;\"><strong>in Urbach<\/strong><\/span><\/h1>\n<h2><\/h2>\n<p>&nbsp;<\/p>\n<h2>Die kleine Gruppe der \u201e\u00c4hrenjaade Porz\u201c begann seine Entwicklung weit vor 2008<\/h2>\n<p>&nbsp;<\/p>\n<p>Es begab sich vor einiger Zeit, im <strong>Juni 2001<\/strong>, dass auf dem Sommerfest zum 25j\u00e4hrigen Jubil\u00e4um des katholischen Kindergartens St. Bartholom\u00e4us in Porz-Urbach, die Besucher und die von einem Vater mitgebrachte Live-Band \u201e<strong>NixWieHin<\/strong>\u201c vor den Regenschauern in die R\u00e4ume und Flure fl\u00fcchten mussten, und trotz der Enge viel Spa\u00df bei gemeinsam gesungenen Liedern fanden.<a href=\"https:\/\/aehrenjaade-porz.de\/wp-content\/uploads\/20010630_KITA_Jubi25_Mno.jpg\"><img loading=\"lazy\" decoding=\"async\" class=\"size-medium wp-image-69 alignright\" alt=\"20010630_KITA_Jubi25_Mno\" src=\"https:\/\/aehrenjaade-porz.de\/wp-content\/uploads\/20010630_KITA_Jubi25_Mno-300x201.jpg\" width=\"300\" height=\"201\" srcset=\"https:\/\/aehrenjaade-porz.de\/wp-content\/uploads\/20010630_KITA_Jubi25_Mno-300x201.jpg 300w, https:\/\/aehrenjaade-porz.de\/wp-content\/uploads\/20010630_KITA_Jubi25_Mno.jpg 640w\" sizes=\"auto, (max-width: 300px) 100vw, 300px\" \/><\/a><\/p>\n<p>Und wie das wohl schnell in K\u00f6ln passieren kann, stimmte man bald schunkelnd in einige Karnevalslieder ein und fand Gefallen an der spontanen Idee, neben Flohmarkt, Sommer- und Grillfest mit den P\u00e4nz, auch mal ein Fest f\u00fcr die Eltern zu organisieren.<br \/>\nSollte es vielleicht eine Halloween-Party sein \u2013 oder vielleicht eine Kost\u00fcm-Disko zu Karneval?<\/p>\n<p>&nbsp;<\/p>\n<p>Die Idee reifte bei den Mitgliedern des damaligen Elternrats und weiteren Eltern, und dank der Musik-Band war dann pl\u00f6tzlich entschieden, <strong>2002 <\/strong>eine <strong>Ka<\/strong>rnevals-<strong>Di<\/strong>sko mit Live-Musik und DJ im Pfarrheim Urbach durchzuf\u00fchren \u2013 mit uns \u201e<strong>Urbacher Mamas &amp; Papas<\/strong>\u201c und vielen Eltern aus der Kita, Grundschule, Nachbarschaft und Gemeinde.<br \/>\nAuch mal sch\u00f6n, f\u00fcr sich selbst zu feiern!<\/p>\n<p><a href=\"https:\/\/aehrenjaade-porz.de\/wp-content\/uploads\/AEJP2005_KADI04_SPu_036.jpg\"><img loading=\"lazy\" decoding=\"async\" class=\"alignright  wp-image-73\" alt=\"AEJP2005_KADI04_SPu_036\" src=\"https:\/\/aehrenjaade-porz.de\/wp-content\/uploads\/AEJP2005_KADI04_SPu_036-225x300.jpg\" width=\"240\" height=\"320\" srcset=\"https:\/\/aehrenjaade-porz.de\/wp-content\/uploads\/AEJP2005_KADI04_SPu_036-225x300.jpg 225w, https:\/\/aehrenjaade-porz.de\/wp-content\/uploads\/AEJP2005_KADI04_SPu_036.jpg 450w\" sizes=\"auto, (max-width: 240px) 100vw, 240px\" \/><\/a><\/p>\n<p>&nbsp;<\/p>\n<p>Man kannte sich ja untereinander fast alle auch von den \u00f6rtlichen Veranstaltungen &#8211; ob Sch\u00fctzen-, Pfarr- und Gemeindefest, Sommerfeste der Kita, Grundschule oder verschiedenen Sportvereinen. So war die Stimmung nat\u00fcrlich riesig und der Zuspruch gro\u00df, die KADI im darauf folgenden Jahr 2003 zu wiederholen.<\/p>\n<p>Sch\u00f6nster Effekt dabei ist es (noch bis heute im Jahr 2011), dass die Erl\u00f6se immer f\u00fcr die Kinder- und Jugendarbeit auf die hiesigen Kirchen, Einrichtungen und Vereine aufgeteilt und gespendet wurden. So machte mit der KADI das F\u00f6rdern unserer P\u00e4nz gleich doppelt Spass!<\/p>\n<p>Nachdem es die \u201aKita-Muttis\u2019 auf der von immer mehr Besuchern begehrten KADI in 2003 und 2004 mit kleinen karnevalistischen Tanzeinlagen dann vorgemacht haben, wagte sich auch ein kleines Gr\u00fcppchen \u201aPappis\u2019 auf der KADI <strong>2005<\/strong> als &#8222;<strong>Sieben Zwerge<\/strong>&#8220; in Ringelstramplern und Zipfelm\u00fctzen mit einer Aerobic-Nummer auf die B\u00fchne.<\/p>\n<p>&nbsp;<\/p>\n<p><a href=\"https:\/\/aehrenjaade-porz.de\/wp-content\/uploads\/AEJP2006_KADI05_ThS_6318.jpg\"><img loading=\"lazy\" decoding=\"async\" class=\"alignright  wp-image-95\" alt=\"AEJP2006_KADI05_ThS_6318\" src=\"https:\/\/aehrenjaade-porz.de\/wp-content\/uploads\/AEJP2006_KADI05_ThS_6318-300x170.jpg\" width=\"419\" height=\"237\" srcset=\"https:\/\/aehrenjaade-porz.de\/wp-content\/uploads\/AEJP2006_KADI05_ThS_6318-300x170.jpg 300w, https:\/\/aehrenjaade-porz.de\/wp-content\/uploads\/AEJP2006_KADI05_ThS_6318-1024x582.jpg 1024w, https:\/\/aehrenjaade-porz.de\/wp-content\/uploads\/AEJP2006_KADI05_ThS_6318.jpg 1055w\" sizes=\"auto, (max-width: 419px) 100vw, 419px\" \/><\/a><\/p>\n<p>&nbsp;<\/p>\n<p>&nbsp;<\/p>\n<p>&nbsp;<\/p>\n<p>Was als einmaliger Jux gedacht war, sollte sich dann aber doch fortsetzen:<\/p>\n<p><strong>2006<\/strong> gesellten sich weitere mutige V\u00e4ter als \u201e<strong>Die gro\u00dfen Feiglinge<\/strong>\u201c mit und ohne Bauch zum bauchfreien Travolta-T\u00e4nzchen.<\/p>\n<p>&nbsp;<\/p>\n<p><strong><a href=\"https:\/\/aehrenjaade-porz.de\/wp-content\/uploads\/AEJP2007_AEGID_AEx_0138.jpg\"><img loading=\"lazy\" decoding=\"async\" class=\"alignleft size-medium wp-image-76\" alt=\"AEJP2007_AEGID_AEx_0138\" src=\"https:\/\/aehrenjaade-porz.de\/wp-content\/uploads\/AEJP2007_AEGID_AEx_0138-300x225.jpg\" width=\"300\" height=\"225\" srcset=\"https:\/\/aehrenjaade-porz.de\/wp-content\/uploads\/AEJP2007_AEGID_AEx_0138-300x225.jpg 300w, https:\/\/aehrenjaade-porz.de\/wp-content\/uploads\/AEJP2007_AEGID_AEx_0138.jpg 800w\" sizes=\"auto, (max-width: 300px) 100vw, 300px\" \/><\/a><\/strong><\/p>\n<p>&nbsp;<\/p>\n<p>&nbsp;<\/p>\n<p>&nbsp;<\/p>\n<p>&nbsp;<\/p>\n<p><strong>2007<\/strong> \u2013 ganz im Zeichen eines jecken M\u00e4nnerballetts steigerte sich die verr\u00fcckte Gruppe als \u201e<strong>The Dreamers<\/strong>\u201c mit zwei T\u00e4nzchen in gewagtem Outfit (statt im &#8222;T\u00fct\u00fc&#8220; in Leggins, Tangas und BHs) zu einem selbst zusammen geschnittenen Potpourri einiger Karnevalslieder.<\/p>\n<p>Da aber besonders die schr\u00e4ge \u201eVerkleidung\u201c bei den ersten Gastauftritten (ausserhalb der KADI) nicht ungeteilt Zustimmung fand &#8211; so beim Karnevalistischen Fr\u00fchschoppen im aegidium im benachbarten Porz-Wahn und besonders beim MGV Gesangsverein Urbach -, gelangte unsere Gruppe schlie\u00dflich zu der \u00dcberzeugung, sich endlich einen festen Namen und ein solides karnevalistisches Kost\u00fcm zuzulegen.<\/p>\n<p><span style=\"color: #008000;\"><strong>Die Geburtsstunde der \u201e\u00c4hrenjaade Porz vun 2008\u201c nahte<\/strong>&#8230;<\/span><\/p>\n<p>&nbsp;<\/p>\n<p>&nbsp;<\/p>\n<p>&nbsp;<\/p>\n","protected":false},"excerpt":{"rendered":"<p>Unser Ursprung &#8211; die KADI Karnevalsdisko in Urbach &nbsp; Die kleine Gruppe der \u201e\u00c4hrenjaade Porz\u201c begann seine Entwicklung weit vor 2008 &nbsp; Es begab sich &hellip; <\/p>\n","protected":false},"author":1,"featured_media":0,"parent":0,"menu_order":1,"comment_status":"closed","ping_status":"closed","template":"","meta":{"footnotes":""},"class_list":["post-23","page","type-page","status-publish","hentry"],"_links":{"self":[{"href":"https:\/\/aehrenjaade-porz.de\/index.php?rest_route=\/wp\/v2\/pages\/23","targetHints":{"allow":["GET"]}}],"collection":[{"href":"https:\/\/aehrenjaade-porz.de\/index.php?rest_route=\/wp\/v2\/pages"}],"about":[{"href":"https:\/\/aehrenjaade-porz.de\/index.php?rest_route=\/wp\/v2\/types\/page"}],"author":[{"embeddable":true,"href":"https:\/\/aehrenjaade-porz.de\/index.php?rest_route=\/wp\/v2\/users\/1"}],"replies":[{"embeddable":true,"href":"https:\/\/aehrenjaade-porz.de\/index.php?rest_route=%2Fwp%2Fv2%2Fcomments&post=23"}],"version-history":[{"count":25,"href":"https:\/\/aehrenjaade-porz.de\/index.php?rest_route=\/wp\/v2\/pages\/23\/revisions"}],"predecessor-version":[{"id":792,"href":"https:\/\/aehrenjaade-porz.de\/index.php?rest_route=\/wp\/v2\/pages\/23\/revisions\/792"}],"wp:attachment":[{"href":"https:\/\/aehrenjaade-porz.de\/index.php?rest_route=%2Fwp%2Fv2%2Fmedia&parent=23"}],"curies":[{"name":"wp","href":"https:\/\/api.w.org\/{rel}","templated":true}]}}

Wir über uns

<h1><span style="color: #0000ff;"><strong>Unser Ursprung &#8211; </strong></span></h1>
<h1><span style="color: #0000ff;"><strong>die KADI Karnevalsdisko</strong></span></h1>
<h1><span style="color: #0000ff;"><strong>in Urbach</strong></span></h1>
<h2></h2>
<p>&nbsp;</p>
<h2>Die kleine Gruppe der „Ährenjaade Porz“ begann seine Entwicklung weit vor 2008</h2>
<p>&nbsp;</p>
<p>Es begab sich vor einiger Zeit, im <strong>Juni 2001</strong>, dass auf dem Sommerfest zum 25jährigen Jubiläum des katholischen Kindergartens St. Bartholomäus in Porz-Urbach, die Besucher und die von einem Vater mitgebrachte Live-Band „<strong>NixWieHin</strong>“ vor den Regenschauern in die Räume und Flure flüchten mussten, und trotz der Enge viel Spaß bei gemeinsam gesungenen Liedern fanden.<a href="https://aehrenjaade-porz.de/wp-content/uploads/20010630_KITA_Jubi25_Mno.jpg"><img loading="lazy" decoding="async" class="size-medium wp-image-69 alignright" alt="20010630_KITA_Jubi25_Mno" src="https://aehrenjaade-porz.de/wp-content/uploads/20010630_KITA_Jubi25_Mno-300x201.jpg" width="300" height="201" srcset="https://aehrenjaade-porz.de/wp-content/uploads/20010630_KITA_Jubi25_Mno-300x201.jpg 300w, https://aehrenjaade-porz.de/wp-content/uploads/20010630_KITA_Jubi25_Mno.jpg 640w" sizes="auto, (max-width: 300px) 100vw, 300px" /></a></p>
<p>Und wie das wohl schnell in Köln passieren kann, stimmte man bald schunkelnd in einige Karnevalslieder ein und fand Gefallen an der spontanen Idee, neben Flohmarkt, Sommer- und Grillfest mit den Pänz, auch mal ein Fest für die Eltern zu organisieren.<br />
Sollte es vielleicht eine Halloween-Party sein – oder vielleicht eine Kostüm-Disko zu Karneval?</p>
<p>&nbsp;</p>
<p>Die Idee reifte bei den Mitgliedern des damaligen Elternrats und weiteren Eltern, und dank der Musik-Band war dann plötzlich entschieden, <strong>2002 </strong>eine <strong>Ka</strong>rnevals-<strong>Di</strong>sko mit Live-Musik und DJ im Pfarrheim Urbach durchzuführen – mit uns „<strong>Urbacher Mamas &amp; Papas</strong>“ und vielen Eltern aus der Kita, Grundschule, Nachbarschaft und Gemeinde.<br />
Auch mal schön, für sich selbst zu feiern!</p>
<p><a href="https://aehrenjaade-porz.de/wp-content/uploads/AEJP2005_KADI04_SPu_036.jpg"><img loading="lazy" decoding="async" class="alignright  wp-image-73" alt="AEJP2005_KADI04_SPu_036" src="https://aehrenjaade-porz.de/wp-content/uploads/AEJP2005_KADI04_SPu_036-225x300.jpg" width="240" height="320" srcset="https://aehrenjaade-porz.de/wp-content/uploads/AEJP2005_KADI04_SPu_036-225x300.jpg 225w, https://aehrenjaade-porz.de/wp-content/uploads/AEJP2005_KADI04_SPu_036.jpg 450w" sizes="auto, (max-width: 240px) 100vw, 240px" /></a></p>
<p>&nbsp;</p>
<p>Man kannte sich ja untereinander fast alle auch von den örtlichen Veranstaltungen &#8211; ob Schützen-, Pfarr- und Gemeindefest, Sommerfeste der Kita, Grundschule oder verschiedenen Sportvereinen. So war die Stimmung natürlich riesig und der Zuspruch groß, die KADI im darauf folgenden Jahr 2003 zu wiederholen.</p>
<p>Schönster Effekt dabei ist es (noch bis heute im Jahr 2011), dass die Erlöse immer für die Kinder- und Jugendarbeit auf die hiesigen Kirchen, Einrichtungen und Vereine aufgeteilt und gespendet wurden. So machte mit der KADI das Fördern unserer Pänz gleich doppelt Spass!</p>
<p>Nachdem es die ‚Kita-Muttis’ auf der von immer mehr Besuchern begehrten KADI in 2003 und 2004 mit kleinen karnevalistischen Tanzeinlagen dann vorgemacht haben, wagte sich auch ein kleines Grüppchen ‚Pappis’ auf der KADI <strong>2005</strong> als &#8222;<strong>Sieben Zwerge</strong>&#8220; in Ringelstramplern und Zipfelmützen mit einer Aerobic-Nummer auf die Bühne.</p>
<p>&nbsp;</p>
<p><a href="https://aehrenjaade-porz.de/wp-content/uploads/AEJP2006_KADI05_ThS_6318.jpg"><img loading="lazy" decoding="async" class="alignright  wp-image-95" alt="AEJP2006_KADI05_ThS_6318" src="https://aehrenjaade-porz.de/wp-content/uploads/AEJP2006_KADI05_ThS_6318-300x170.jpg" width="419" height="237" srcset="https://aehrenjaade-porz.de/wp-content/uploads/AEJP2006_KADI05_ThS_6318-300x170.jpg 300w, https://aehrenjaade-porz.de/wp-content/uploads/AEJP2006_KADI05_ThS_6318-1024x582.jpg 1024w, https://aehrenjaade-porz.de/wp-content/uploads/AEJP2006_KADI05_ThS_6318.jpg 1055w" sizes="auto, (max-width: 419px) 100vw, 419px" /></a></p>
<p>&nbsp;</p>
<p>&nbsp;</p>
<p>&nbsp;</p>
<p>Was als einmaliger Jux gedacht war, sollte sich dann aber doch fortsetzen:</p>
<p><strong>2006</strong> gesellten sich weitere mutige Väter als „<strong>Die großen Feiglinge</strong>“ mit und ohne Bauch zum bauchfreien Travolta-Tänzchen.</p>
<p>&nbsp;</p>
<p><strong><a href="https://aehrenjaade-porz.de/wp-content/uploads/AEJP2007_AEGID_AEx_0138.jpg"><img loading="lazy" decoding="async" class="alignleft size-medium wp-image-76" alt="AEJP2007_AEGID_AEx_0138" src="https://aehrenjaade-porz.de/wp-content/uploads/AEJP2007_AEGID_AEx_0138-300x225.jpg" width="300" height="225" srcset="https://aehrenjaade-porz.de/wp-content/uploads/AEJP2007_AEGID_AEx_0138-300x225.jpg 300w, https://aehrenjaade-porz.de/wp-content/uploads/AEJP2007_AEGID_AEx_0138.jpg 800w" sizes="auto, (max-width: 300px) 100vw, 300px" /></a></strong></p>
<p>&nbsp;</p>
<p>&nbsp;</p>
<p>&nbsp;</p>
<p>&nbsp;</p>
<p><strong>2007</strong> – ganz im Zeichen eines jecken Männerballetts steigerte sich die verrückte Gruppe als „<strong>The Dreamers</strong>“ mit zwei Tänzchen in gewagtem Outfit (statt im &#8222;Tütü&#8220; in Leggins, Tangas und BHs) zu einem selbst zusammen geschnittenen Potpourri einiger Karnevalslieder.</p>
<p>Da aber besonders die schräge „Verkleidung“ bei den ersten Gastauftritten (ausserhalb der KADI) nicht ungeteilt Zustimmung fand &#8211; so beim Karnevalistischen Frühschoppen im aegidium im benachbarten Porz-Wahn und besonders beim MGV Gesangsverein Urbach -, gelangte unsere Gruppe schließlich zu der Überzeugung, sich endlich einen festen Namen und ein solides karnevalistisches Kostüm zuzulegen.</p>
<p><span style="color: #008000;"><strong>Die Geburtsstunde der „Ährenjaade Porz vun 2008“ nahte</strong>&#8230;</span></p>
<p>&nbsp;</p>
<p>&nbsp;</p>
<p>&nbsp;</p>

<p>Unser Ursprung &#8211; die KADI Karnevalsdisko in Urbach &nbsp; Die kleine Gruppe der „Ährenjaade Porz“ begann seine Entwicklung weit vor 2008 &nbsp; Es begab sich &hellip; </p>
